ainder when 5/((-1)/(-1)) + -1 is divided by h?
1
Let m = 22 + -19. Suppose 0 = 5*q - m*x - 24, -3*q - 5*x = -2*x - 24. Calculate the remainder when 29 is divided by q.
5
Let z(y) = 2*y**2 + 2*y - 1. What is the remainder when z(-4) is divided by 13?
10
What is the remainder when ((-4 + 3)*45)/(-1) is divided by 23?
22
Let l(c) = c**3 + 4*c**2 - 7*c - 5. Let m = -22 - -59. Suppose 0 = -3*o + m + 17. What is the remainder when o is divided by l(-5)?
3
Let i(a) = a**3 - 2*a**2 - 3*a + 5. Suppose 0 = 5*w + 5*y - 25, 3*w - 4*y = 2*w. Calculate the remainder when i(3) is divided by w.
1
Let c(y) = -y**3 + 11*y**2 - 8*y - 1. Calculate the remainder when 52 is divided by c(10).
14
Let o = 2 + 4. Let z = o - 1. Suppose 0 = 2*q - v - 24, -4*q + 3*v + 20 = -2*q. Calculate the remainder when q is divided by z.
3
What is the remainder when (-28)/(28/4)*89/(-4) is divided by 23?
20
Suppose -3*w + 35 = 29. What is the remainder when (6 - 1) + 0 + -1 is divided by w?
0
Let u = 6 + 12. Let t(p) = p**3 - p**2 + p - 1. Let k be 30/(-12)*(-8)/5. Calculate the remainder when t(k) is divided by u.
15
Let c(n) = 9*n**2 - 6*n + 6. What is the remainder when c(3) is divided by (6/10)/(7/210)?
15
Let k = 10 + -15. Let g = 8 + k. What is the remainder when g is divided by 3?
0
What is the remainder when (-28)/(-8) - (-3)/(-2) is divided by 2?
0
Suppose 80 = 5*v - 4*r, 5*v - 3*r - 76 - 4 = 0. Calculate the remainder when 62 is divided by v.
14
Let v = 186 - 99. Suppose -a - 83 = -2*a. Suppose 5*s + r = 3*r + a, -5*s + v = -3*r. What is the remainder when 28 is divided by s?
13
Let g(n) = -n**2 + 11*n - 5. Calculate the remainder when g(8) is divided by 5.
4
Let z(v) = v**3 - 5*v**2 + 3*v + 4. Let h be z(4). Suppose 62 = 6*c - c - 2*n, h = 5*c + 2*n - 58. Calculate the remainder when 33 is divided by c.
9
Let u = 172 + -80. Suppose -t = -5*t + u. Calculate the remainder when t is divided by 8.
7
Suppose 3*z - 2*j - 99 - 147 = 0, -3*j + 311 = 4*z. Suppose -z = -2*m - 3*m. Let s = -23 - -53. Calculate the remainder when s is divided by m.
14
Let b = 0 + 11. Calculate the remainder when 37 is divided by b.
4
Suppose -5*n = -n + 4. Let k be (5/(-10))/(n/6). Suppose -k*l + 8*l = 75. Calculate the remainder when 44 is divided by l.
14
What is the remainder when 97/2 - 3*5/30 is divided by 17?
14
Suppose -u = -3*u. Let x = u + 2. What is the remainder when x is divided by 1?
0
Suppose -u - 39 = -4*b - 111, 4*u - b - 363 = 0. Let r = u - 37. Suppose -3*h = -20 - r. Calculate the remainder when h is divided by 13.
12
Let c(p) = p - 4. Let q be c(4). Suppose q = 7*a - 3*a - 76. Calculate the remainder when 36 is divided by a.
17
Let u(w) be the first derivative of w**2/2 + 4*w + 3. What is the remainder when 3 is divided by u(-3)?
0
Suppose 0 = 2*l - 2*h - 40, 2*h - 4 = -l + 1. Let p = 19 + -7. Suppose -4*a + p = -20. Calculate the remainder when l is divided by a.
7
Let d = -59 + 103. What is the remainder when d is divided by 23?
21
Suppose 10*n - 20 = 8*n. Calculate the remainder when n is divided by 2.
0
Suppose -44 - 143 = -11*o. What is the remainder when 186 is divided by o?
16
Suppose 2*o - d + 2 = 0, 4*o + 0*d - 4*d = 4. Calculate the remainder when (-3)/(-3) - (o - -1) is divided by 3.
0
Suppose 0 = -5*h - 4*p + 141, -6*h + 4*p = -4*h - 34. Let b = 39 - h. What is the remainder when ((-8)/4 + 12)*4 is divided by b?
12
Let s(t) = -t**3 - 3*t + 10. What is the remainder when 23 is divided by s(0)?
3
Let h be -2 - (1 + 0 + -2). Let d be h*(1 + (-2 - -1)). Let g(v) = v + 1. What is the remainder when 1 is divided by g(d)?
0
Let p(d) = -20*d + 1. What is the remainder when p(-2) is divided by 14?
13
Let t(i) = -4*i + 1. Calculate the remainder when t(-19) is divided by 39.
38
Let y(r) = r**2 - 2*r - 1. Let a be y(3). Suppose 2*d + 3*d + 22 = 2*n, -3*d = -a*n + 30. What is the remainder when n is divided by 6?
3
Suppose 0 = 11*y - 66 - 22. What is the remainder when (0 + 1)*(2 - -20) is divided by y?
6
Let c = 182 + -131. Calculate the remainder when c is divided by 28.
23
Let c = -3 + 14. Calculate the remainder when c is divided by 4.
3
Suppose -4*f - 40 = -236. Suppose d = f + 15. Calculate the remainder when d is divided by 22.
20
Suppose 110 + 30 = 10*o. Let i(f) = -26*f**3 + f + 1. Let p(m) = -m - 7. Let s be p(-6). What is the remainder when i(s) is divided by o?
12
Let f(b) = -b + 5. Suppose 4*k - 10 = -k. Suppose -2*u + 4*u + k*c = 28, -2*u - 4*c = -30. What is the remainder when u is divided by f(0)?
3
Let t be -2 + (2 - -1) - -22. Suppose -4*h + 29 = -t. Calculate the remainder when 50 is divided by h.
11
Let k = 2 + 1. Calculate the remainder when 1 + 0 - (1 - 4) is divided by k.
1
Suppose -2*g = 4*w - 18, -20 - 5 = -5*w - 5*g. What is the remainder when (-56)/(-12)*(-18)/(-7) - 2 is divided by w?
2
Let k(p) = 9*p - 35. What is the remainder when k(8) is divided by 5?
2
Let o = 13 + -9. Let d(b) = -b**3 + 5*b**2 - 7*b + 4. Let r be d(o). Calculate the remainder when 1*-2*92/r is divided by 8.
7
Let f = 77 - 123. Let n = f + 13. Let y = -15 - n. Calculate the remainder when 34 is divided by y.
16
What is the remainder when 55 is divided by 21/2*4/3?
13
Let y = -4 + 9. Let m = -14 + 19. Suppose -m*t + 35 = -3*p, -y*t = -4*t - 5*p - 7. What is the remainder when t is divided by 3?
1
Let z = -46 + 81. Suppose -3*d + z + 25 = 0. Calculate the remainder when d is divided by 11.
9
Suppose -2*g = -5 - 11. What is the remainder when 70 is divided by g?
6
Let u = 3 - -9. Calculate the remainder when u is divided by 4.
0
Suppose s - 4 = 3*m + 12, -m = 4*s - 25. Let h(x) = 13*x**2 - x. Let g be h(1). Calculate the remainder when (-90)/g*16/(-10) is divided by s.
5
Suppose 7*x - 3*x = 152. Let j = 24 + -11. What is the remainder when x is divided by j?
12
Let w(x) = x**2 + 5*x - 9. Let i be w(-7). Suppose 2*u = i*u - 33. What is the remainder when u is divided by 4?
3
Let a(q) = 7*q - 15. What is the remainder when a(6) is divided by 6?
3
Let x = 43 - -1. What is the remainder when x is divided by 12?
8
Let j = 19 + -11. What is the remainder when 25 is divided by j?
1
Let q be -1*1 + 12 + 0. Suppose 3*g = -4*k + q, 7*g + 15 = 2*g. Calculate the remainder when 13 is divided by k.
3
Let z(q) = -q - 4. What is the remainder when 2 is divided by z(-6)?
0
Suppose 2*y = s + s + 84, -y + 46 = -5*s. What is the remainder when 79 is divided by y?
38
Suppose h - 9 = 4*h. Let w be (-144)/(-10) - h/5. Suppose -5*k + 80 = 5*l, k + 2*k = w. What is the remainder when 21 is divided by l?
10
Suppose 0 = -3*a - a - 12, -5*s - 3*a = -186. Let m = -14 + s. Calculate the remainder when 97 is divided by m.
22
Let r(d) = d**3 + 6*d**2 + 3*d - 2. Let z be r(-5). Suppose -4 = -4*h + z. Calculate the remainder when 6 is divided by h.
0
Let m = -14 - -68. Calculate the remainder when 157 is divided by m.
49
Suppose -2*x = -x - 12. Let i = 86 - 41. Calculate the remainder when i is divided by x.
9
Let m be (1 - 2)*(-4)/2. Suppose u - m*g + 2 = 6, -5*u - 5*g = -95. Calculate the remainder when 53 is divided by u.
11
Suppose -v + 1 = -2. Calculate the remainder when 61 is divided by v/(3/20) + 1.
19
Suppose 0 = s - 22 - 19. What is the remainder when s is divided by 0 + 21 - (-7 - -7)?
20
Suppose -5*s - p + 11 = -4*s, -4*p + 34 = 3*s. Let t = -9 + s. Calculate the remainder when t is divided by (1/(-2))/((-1)/2).
0
Let l = 14 + -6. What is the remainder when l is divided by 5?
3
Let c = 6 + 1. Suppose -1 = -h + m - 3, -3*h = m - 6. Calculate the remainder when 26 is divided by (-1*h)/(c/(-98)).
12
Let g(o) = -o**3 - 15*o**2 - 2*o - 16. What is the remainder when 41 is divided by g(-15)?
13
Let w(b) = -b**2 + 13*b - 15. What is the remainder when 41 is divided by w(11)?
6
Suppose -64 = -4*k + 80. Let a = k - 21. Calculate the remainder when 57 is divided by a.
12
Suppose -2 = p - 2*p. Suppose -p*x - 5*u + 14 = 0, x - 2*u = -0*x - 11. Let j = x - -26. What is the remainder when j is divided by 8?
7
Let g be (3/6)/((-3)/(-90)). Suppose 3*r - 15 = g. Calculate the remainder when 19 is divided by r.
9
Suppose -22*o + 18*o + 92 = 0. Suppose a - 2*s - 68 = 0, a + 2*a = s + 204. Calculate the remainder when a is divided by o.
22
Let n be (6/(-8))/((-4)/32). Suppose -5*v + s + 173 = 0, 3*v + n*s - 3*s - 111 =